ctor of m and f?
12
Let z be 8*378/72*(-5)/(-3). Let y(h) = h**2 + 4*h - 4. Let n be y(-8). Calculate the greatest common factor of n and z.
14
Let m be -1 + 1 + (-180)/(-10). Let q be 4/3*(-9 + m). Calculate the greatest common divisor of q and 72.
12
Let a = -6 + 12. Let l = -4 + 3. Let j be l*2 - -58 - 2. Calculate the highest common factor of j and a.
6
Let c = -66 + 250. Calculate the highest common factor of 23 and c.
23
Suppose -13*d + 17*d - 112 = 0. What is the greatest common factor of 7 and d?
7
Suppose -u + 0*a + 3*a + 72 = 0, 2*a - 232 = -4*u. Let x = 11 + -9. Let j be -40*-2*x/8. What is the highest common factor of u and j?
20
Let o(a) = -2*a + 1. Suppose 0 = 3*v + 5*h - 5, 4*h - 27 = 3*v + h. Let x be o(v). What is the highest common divisor of x and 99?
11
Suppose -4*s + 12 = -16. Calculate the highest common factor of s and 77.
7
Suppose -4*c + c + 12 = 0. Suppose c*s - 87 = 81. What is the highest common factor of s and 14?
14
Let q(k) = k**2 + k + 48. Let f be q(0). Let v be (-2)/8 - (-25)/4. Suppose 4*l - v = 3*l. What is the greatest common factor of f and l?
6
Let p = -165 - -335. Let c = -180 + 197. What is the highest common factor of c and p?
17
Let t(k) = 57*k - 8. Let q(h) = -19*h + 3. Let d(n) = -7*q(n) - 2*t(n). Suppose 4*z - 16 = 2*z. Let l be d(z). What is the highest common factor of l and 21?
21
Suppose 5*y - 4*a = -9*a + 400, -3*a = 4*y - 317. Calculate the greatest common divisor of 11 and y.
11
Let z = -33 - -48. What is the highest common factor of 75 and z?
15
Let m = 191 - -4. Let w = 285 - m. Let r(b) = 3*b**3 - 7*b**2 - 3*b + 9. Let g be r(3). What is the highest common divisor of w and g?
18
Let i be -3*-5*2/6. Let a(u) = 2*u**2 + 3*u - 5*u**2 - 3 + 2*u**2 + 5*u. Let s be a(i). What is the highest common factor of s and 60?
12
Let a(q) = -4*q - 4. Let j(d) = d - 3. Let z be j(0). Let i be a(z). Suppose 36 = -p + 4*p. What is the greatest common factor of i and p?
4
Suppose 29 = 4*i + 5*d, -5*i - 4*d = d - 35. Let m = -16 + 22. What is the highest common factor of i and m?
6
Let o be 12/(-84) - 1576/(-7). What is the greatest common factor of o and 25?
25
Let b = 9 - 14. Let i = 13 + b. What is the highest common divisor of i and 64?
8
Let y be 2/(-4) - 66/(-4). Let x = 13 - 9. Suppose 0 = x*b + 4 - 20. What is the greatest common divisor of y and b?
4
Let t be (-6)/9*(-3 + 9/(-2)). Calculate the highest common factor of 45 and t.
5
Let f be (-87)/(-6)*(2 + 0). Suppose -f = 4*b + p, -p - 11 = 2*b - b. Let w = b - -33. Calculate the highest common divisor of w and 9.
9
Let q = -112 - -122. Calculate the highest common divisor of q and 1.
1
Let d(i) = i**3 + 5*i**2 + 7*i + 5. Let n be d(-2). Calculate the highest common factor of n and 15.
3
Let l(w) = 7*w + 1. Let y = 0 - -1. Let v be l(y). What is the greatest common factor of v and 32?
8
Suppose 4*p = y + 14, -20 = -4*y + p - 4*p. Suppose 4 = -y*d + 4*d. Calculate the greatest common divisor of d and 1.
1
Let s = -600 - -413. Let q = s - -386. Suppose -x - q = -5*t + 2*x, -x + 73 = 2*t. Calculate the greatest common factor of t and 19.
19
Let h(r) = -2*r + 6*r - 2*r + 2*r. Let x be h(6). Calculate the highest common divisor of 12 and x.
12
Let l be 62/10 - 3/15. What is the greatest common factor of l and 18?
6
Suppose -5*z - 9 = -8*z. Let n be 12/z + -1 + -1. Suppose -4 = -l - n. Calculate the highest common divisor of l and 14.
2
Suppose -2 = -3*m + 4. What is the greatest common factor of m and 2?
2
Let i(w) be the third derivative of -61*w**4/24 - w**3/6 + w**2. Suppose -3*u = -7*u - 8. Let p be i(u). What is the highest common factor of 11 and p?
11
Let l be (((-1296)/15)/(-2))/(6/20). Calculate the greatest common factor of 18 and l.
18
Let s be (-62)/4*-12 + 3. What is the highest common divisor of s and 21?
21
Suppose 4*w - 2*q - 462 = w, 0 = -w + 4*q + 154. What is the highest common factor of 22 and w?
22
Let n = -103 + 112. Calculate the highest common divisor of 36 and n.
9
Let x = 84 + -81. Calculate the highest common factor of 6 and x.
3
Suppose t = 2*t - 99. Calculate the greatest common divisor of 9 and t.
9
Let v(q) = q**3 - 17*q**2 - 16*q - 25. Let c be v(18). What is the greatest common divisor of c and 33?
11
Let a(s) = -s**2 - 9*s + 2. Let l be a(-8). Let i be 2/l + (-218)/(-10). Calculate the highest common divisor of 55 and i.
11
Let w(g) = -2*g**3 - 4*g**2 + g + 4. Let k be w(-6). Suppose -28*s - 104 = -32*s. What is the highest common divisor of s and k?
26
Let y = -31 + 41. Calculate the highest common factor of y and 80.
10
Suppose -t - 3*m - 14 = -71, 62 = t - 2*m. Calculate the greatest common factor of 24 and t.
12
Let q = 30 + -12. Suppose -r = -4*b + 113, 0 = 4*b + 3*r - 93. Calculate the highest common divisor of q and b.
9
Let i be 18/2*-1 - 0. Let c be (-2 + i/(-2))*2. Suppose 0*k - 120 = -c*k. What is the highest common divisor of 3 and k?
3
Let b(f) = 4*f**2 + 2*f + 2. Let m be b(-2). Calculate the greatest common divisor of 70 and m.
14
Let b(y) = y**3 - 10*y**2 - 6*y. Let i = -21 - -33. Let d be b(i). What is the highest common factor of 24 and d?
24
Let k = 13 + -8. Let z be ((-38)/2)/(k - 6). What is the greatest common divisor of 57 and z?
19
Suppose d + 0*r - 3*r - 21 = 0, -3*d + 43 = r. Calculate the greatest common factor of 30 and d.
15
Suppose -2*r - 4 = -12. Suppose 2*u + d = 15, -2*u + r*d + 8 = -32. What is the highest common divisor of 50 and u?
10
Let f(h) = -8*h**3 - 6*h**2 - 3*h - 1. Let s be f(-3). Calculate the highest common divisor of 34 and s.
34
Let a = -23 + 53. Let i be ((-6)/9)/((-1)/a). Let g = -11 + i. Calculate the greatest common factor of 63 and g.
9
Let z(d) = d**2 + 8*d + 9. Let i be z(-7). Suppose 0 = k - i*k + 85. Calculate the highest common factor of k and 17.
17
Let g be 10 + -1 - (-5 - -2). What is the highest common factor of g and 108?
12
Suppose -5*i + 132 = -2*i + 4*y, 15 = 5*y. What is the greatest common divisor of 32 and i?
8
Suppose 52 - 226 = 2*q. Let w = 207 + q. Calculate the greatest common factor of w and 12.
12
Let f = 107 + -92. Suppose 6*q - 3*q = 3. Let m be 1/2*10*q. What is the highest common divisor of f and m?
5
Suppose 3*a + 12 = 6*a. Let b = 2 + 2. What is the highest common factor of b and a?
4
Let s = 3 + -3. Suppose s*o = o - 5. Suppose -2*m + 39 = 4*a + 3*m, -m - 56 = -o*a. What is the greatest common factor of a and 11?
11
Let q = -91 - -46. Let t = -29 - q. What is the highest common factor of t and 24?
8
Suppose 4*l - 487 = 173. Calculate the greatest common factor of 15 and l.
15
Let y(j) = j**2 - 4*j + 4. Let c be y(5). What is the greatest common factor of 9 and c?
9
Suppose 0 = 2*g - g - 6. Calculate the highest common divisor of 4 and g.
2
Let u = 31 - 71. Let h = -16 - u. What is the highest common factor of 6 and h?
6
Let h be ((-12)/10)/((-6)/80). Calculate the highest common factor of 4 and h.
4
Suppose 3*x + 15 = 60. Let p(m) = 3*m**3 - 5*m**2 + 2. Let r be p(4). Let i = r + -39. What is the greatest common divisor of x and i?
15
Suppose -5*q + 21 = 2*i - 2*q, -15 = -3*i + q. What is the highest common divisor of 2 and i?
2
Suppose 0 = -0*x + 2*x - 50. Suppose x = -3*q + 160. Calculate the greatest common factor of 18 and q.
9
Let z = -69 + 117. What is the greatest common divisor of 64 and z?
16
Let q be (-1)/(-2)*168/3. Let o(p) = -p**3 + 3*p + 2. Let f be o(-2). Calculate the highest common divisor of f and q.
4
Suppose -q = -8 + 4. Suppose -q*d = d - 480. Calculate the highest common divisor of 24 and d.
24
Let h = 11 - -1. Suppose u + 4*i = -u, -5*i = u + 6. Let m be 239/u - (-3)/12. Calculate the highest common divisor of h and m.
12
Let q(o) = -127*o**3 - 2*o**2 - o. Let d be q(-1). Suppose 0 = -2*g - 0*g + d. Calculate the greatest common divisor of g and 9.
9
Let w = 71 - -15. Suppose z = 24 + w. What is the greatest common factor of 10 and z?
10
Let u(z) = -z**3 - 13*z**2 - 14*z + 20. Let m be u(-12). Calculate the greatest common divisor of 11 and m.
11
Let k = 86 - 60. Calculate the highest common divisor of k and 26.
26
Let t be (0 - -1)*7/1. Let j(m) = -m**2 - 5*m - 2. Let r be j(-3). Suppose 32 = r*g + c, -3*g + 4*c + 3 + 2 = 0. What is the greatest common factor of t and g?
7
Suppose 2*n - 3*n = 4. Let h be (-2)/4*n